rime factors of 53029.
19, 2791
List the prime factors of 13255958.
2, 19, 23, 29, 523
What are the prime factors of 13756778?
2, 7, 211, 4657
List the prime factors of 14143252.
2, 17, 23, 9043
List the prime factors of 244014.
2, 3, 67, 607
List the prime factors of 10378438.
2, 7, 859, 863
List the prime factors of 32306823.
3, 937, 1277
List the prime factors of 685402.
2, 97, 3533
List the prime factors of 956396.
2, 7, 34157
What are the prime factors of 162637?
103, 1579
List the prime factors of 29571789.
3, 13, 17, 47, 73
What are the prime factors of 51199?
51199
List the prime factors of 45576.
2, 3, 211
List the prime factors of 346600.
2, 5, 1733
What are the prime factors of 11104?
2, 347
What are the prime factors of 1175881?
7, 173, 971
List the prime factors of 851269.
859, 991
What are the prime factors of 21103?
47, 449
What are the prime factors of 7836368?
2, 53, 9241
What are the prime factors of 225739?
19, 109
What are the prime factors of 26623435?
5, 5324687
List the prime factors of 1059468.
2, 3, 88289
What are the prime factors of 1848430?
2, 5, 184843
What are the prime factors of 2897883?
3, 29, 3701
List the prime factors of 12485310.
2, 3, 5, 17, 24481
List the prime factors of 1555902.
2, 3, 28813
List the prime factors of 606575.
5, 19, 1277
List the prime factors of 6580453.
11, 101, 5923
What are the prime factors of 17830590?
2, 3, 5, 167, 3559
What are the prime factors of 560011?
103, 5437
List the prime factors of 644351.
17, 29, 1307
What are the prime factors of 28041404?
2, 7010351
List the prime factors of 4248037.
4248037
List the prime factors of 144243.
3, 11, 31, 47
What are the prime factors of 1797049?
1797049
List the prime factors of 661428.
2, 3, 19, 967
List the prime factors of 15625165.
5, 23, 83, 1637
List the prime factors of 257156.
2, 53, 1213
List the prime factors of 700079.
700079
List the prime factors of 53156.
2, 97, 137
What are the prime factors of 15352087?
15352087
What are the prime factors of 14721027?
3, 4907009
What are the prime factors of 10788489?
3, 17, 107, 659
What are the prime factors of 3238985?
5, 659, 983
List the prime factors of 13004674.
2, 6502337
List the prime factors of 658209.
3, 151, 1453
What are the prime factors of 382297?
431, 887
What are the prime factors of 4171649?
431, 9679
List the prime factors of 21238912.
2, 73, 2273
What are the prime factors of 406289?
13, 31253
List the prime factors of 344347.
344347
List the prime factors of 592196.
2, 11, 43, 313
List the prime factors of 521478.
2, 3, 29, 37
List the prime factors of 13153234.
2, 6576617
What are the prime factors of 132990?
2, 3, 5, 11, 13, 31
List the prime factors of 15164894.
2, 37, 204931
List the prime factors of 335145.
3, 5, 22343
What are the prime factors of 4127048?
2, 29, 17789
What are the prime factors of 20104882?
2, 7, 1436063
List the prime factors of 2183271.
3, 19, 38303
What are the prime factors of 262602?
2, 3, 1621
List the prime factors of 13042604.
2, 17, 191803
List the prime factors of 294102.
2, 3, 16339
What are the prime factors of 16265133?
3, 1807237
List the prime factors of 198435.
3, 5, 13229
What are the prime factors of 16068?
2, 3, 13, 103
What are the prime factors of 148157?
148157
What are the prime factors of 22398537?
3, 7, 17, 8963
List the prime factors of 1177405.
5, 181, 1301
What are the prime factors of 55860?
2, 3, 5, 7, 19
What are the prime factors of 2069071?
59, 35069
List the prime factors of 8773905.
3, 5, 7, 83561
List the prime factors of 1590555.
3, 5, 107, 991
List the prime factors of 4396249.
11, 13, 71, 433
What are the prime factors of 30017462?
2, 15008731
What are the prime factors of 2266809?
3, 199, 3797
List the prime factors of 112599.
3, 12511
List the prime factors of 2462528.
2, 109, 353
List the prime factors of 1564063.
1564063
What are the prime factors of 36676119?
3, 43, 284311
What are the prime factors of 483185?
5, 41, 2357
What are the prime factors of 4798701?
3, 533189
List the prime factors of 2794612.
2, 698653
List the prime factors of 164860.
2, 5, 8243
What are the prime factors of 194734?
2, 97367
List the prime factors of 2999400.
2, 3, 5, 4999
What are the prime factors of 343379?
343379
List the prime factors of 5107559.
127, 131, 307
What are the prime factors of 198794?
2, 99397
List the prime factors of 17185999.
829, 20731
What are the prime factors of 1225237?
13, 307
What are the prime factors of 1184287?
13, 91099
List the prime factors of 371592.
2, 3, 13, 397
List the prime factors of 13881558.
2, 3, 23, 100591
List the prime factors of 640431.
3, 11, 6469
List the prime factors of 1711467.
3, 397, 479
What are the prime factors of 2000065?
5, 607, 659
What are the prime factors of 645221?
19, 29, 1171
List the prime factors of 476562.
2, 3, 79427
What are the prime factors of 219380?
2, 5, 7, 1567
What are the prime factors of 4394066?
2, 769, 2857
What are the prime factors of 4413084?
2, 3, 13, 28289
List the prime factors of 16289547.
3, 5429849
What are the prime factors of 38943865?
5, 757, 10289
What are the prime factors of 9812976?
2, 3, 204437
What are the prime factors of 17616982?
2, 8808491
What are the prime factors of 578154?
2, 3, 167, 577
List the prime factors of 2145521.
7, 306503
List the prime factors of 487632.
2, 3, 10159
What are the prime factors of 449781?
3, 313, 479
List the prime factors of 1729563.
3, 11, 17, 3083
What are the prime factors of 1846116?
2, 3, 19, 2699
List the prime factors of 164623.
164623
What are the prime factors of 84845?
5, 71, 239
What are the prime factors of 14061228?
2, 3, 31, 37799
What are the prime factors of 1553773?
13, 47, 2543
What are the prime factors of 1188901?
7, 169843
List the prime factors of 574988.
2, 31, 4637
What are the prime factors of 246600?
2, 3, 5, 137
List the prime factors of 156932.
2, 39233
What are the prime factors of 7615892?
2, 1903973
What are the prime factors of 12485613?
3, 7, 37, 16069
What are the prime factors of 319510?
2, 5, 89, 359
List the prime factors of 53396.
2, 7, 1907
What are the prime factors of 236816?
2, 19, 41
What are the prime factors of 1587486?
2, 3, 264581
What are the prime factors of 6832089?
3, 11, 69011
What are the prime factors of 2051233?
2051233
What are the prime factors of 65663?
13, 5051
What are the prime factors of 3957899?
11, 109, 3301
List the prime factors of 463529.
11, 42139
What are the prime factors of 355524?
2, 3, 13, 43, 53
List the prime factors of 3567923.
3567923
What are the prime factors of 37057?
37057
What are the prime factors of 5315591?
5315591
List the prime factors of 469715.
5, 37, 2539
What are the prime factors of 45959?
45959
List the prime factors of 775162.
2, 19, 20399
List the prime factors of 3905136.
2, 3, 47, 577
List the prime factors of 9895869.
3, 1099541
What are the prime factors of 216820?
2, 5, 37, 293
What are the prime factors of 699628?
2, 174907
What are the prime factors of 1020177?
3, 263, 431
List the prime factors of 21088746.
2, 3, 7, 19, 23, 383
List the prime factors of 1207601.
193, 6257
What are the prime factors of 2365508?
2, 591377
What are the prime factors of 13705129?
277, 49477
What are the prime factors of 24375936?
2, 3, 13, 19, 257
List the prime factors of 11102404.
2, 383, 7247
List the prime factors of 289552.
2, 18097
What are the prime factors of 1328836?
2, 71, 4679
What are the prime factors of 19294?
2, 11, 877
List the prime factors of 897159.
3, 299053
List the prime factors of 155241.
3, 47, 367
List the prime factors of 5388006.
2, 3, 13, 67, 1031
List the prime factors of 251166.
2, 3, 41, 1021
What are the prime factors of 912435?
3, 5, 59, 1031
List the prime factors of 4244468.
2, 1061117
List the prime factors of 1064184.
2, 3, 11, 29, 139
What are the prime factors of 18901902?
2, 3, 41, 76837
List the prime factors of 9990528.
2, 3, 26017
What are the prime factors of 1493924?
2, 131, 2851
What are the prime factors of 396950?
2, 5, 17, 467
What are the prime factors of 1333543?
1333543
List the prime factors of 7751327.
7751327
List the prime factors of 1007920.
2, 5, 43, 293
List the prime factors of 1801.
1801
List the prime factors of 308955.
3, 5, 43, 479
List t